 386.
2, 193
List the prime factors of 1384.
2, 173
List the prime factors of 2456.
2, 307
What are the prime factors of 621?
3, 23
What are the prime factors of 8374?
2, 53, 79
List the prime factors of 33853.
97, 349
List the prime factors of 815.
5, 163
List the prime factors of 40273.
17, 23, 103
What are the prime factors of 45781?
17, 2693
List the prime factors of 10352.
2, 647
List the prime factors of 31137.
3, 97, 107
List the prime factors of 844.
2, 211
List the prime factors of 14362.
2, 43, 167
List the prime factors of 4185.
3, 5, 31
List the prime factors of 4742.
2, 2371
List the prime factors of 797.
797
What are the prime factors of 28077?
3, 7, 191
List the prime factors of 16421.
16421
What are the prime factors of 1115?
5, 223
What are the prime factors of 73892?
2, 7, 13, 29
List the prime factors of 75608.
2, 13, 727
What are the prime factors of 12910?
2, 5, 1291
What are the prime factors of 1876?
2, 7, 67
What are the prime factors of 814?
2, 11, 37
What are the prime factors of 16677?
3, 17, 109
List the prime factors of 3985.
5, 797
List the prime factors of 478.
2, 239
List the prime factors of 4057.
4057
List the prime factors of 54507.
3, 18169
What are the prime factors of 1243?
11, 113
What are the prime factors of 2820?
2, 3, 5, 47
List the prime factors of 1476.
2, 3, 41
List the prime factors of 9480.
2, 3, 5, 79
What are the prime factors of 12925?
5, 11, 47
List the prime factors of 14982.
2, 3, 11, 227
What are the prime factors of 532?
2, 7, 19
What are the prime factors of 6799?
13, 523
What are the prime factors of 145662?
2, 3, 11, 2207
List the prime factors of 78262.
2, 109, 359
List the prime factors of 478.
2, 239
What are the prime factors of 49?
7
What are the prime factors of 513?
3, 19
List the prime factors of 57320.
2, 5, 1433
What are the prime factors of 17004?
2, 3, 13, 109
List the prime factors of 43969.
43969
What are the prime factors of 7?
7
What are the prime factors of 106088?
2, 89, 149
List the prime factors of 6136.
2, 13, 59
List the prime factors of 16580.
2, 5, 829
List the prime factors of 789.
3, 263
What are the prime factors of 124339?
124339
List the prime factors of 7228.
2, 13, 139
What are the prime factors of 23197?
23197
List the prime factors of 50118.
2, 3, 8353
List the prime factors of 394.
2, 197
What are the prime factors of 74716?
2, 18679
What are the prime factors of 60222?
2, 3, 10037
What are the prime factors of 3846?
2, 3, 641
List the prime factors of 15199.
15199
What are the prime factors of 24362?
2, 13, 937
List the prime factors of 1000.
2, 5
List the prime factors of 1469.
13, 113
What are the prime factors of 1268?
2, 317
List the prime factors of 71942.
2, 13, 2767
What are the prime factors of 83810?
2, 5, 17, 29
What are the prime factors of 6158?
2, 3079
What are the prime factors of 365?
5, 73
List the prime factors of 160.
2, 5
What are the prime factors of 3048?
2, 3, 127
List the prime factors of 2044.
2, 7, 73
List the prime factors of 2234.
2, 1117
What are the prime factors of 8852?
2, 2213
What are the prime factors of 11080?
2, 5, 277
List the prime factors of 681.
3, 227
List the prime factors of 39209.
39209
What are the prime factors of 161?
7, 23
What are the prime factors of 683?
683
List the prime factors of 49508.
2, 12377
List the prime factors of 1131.
3, 13, 29
List the prime factors of 16096.
2, 503
List the prime factors of 204456.
2, 3, 7, 1217
What are the prime factors of 160?
2, 5
List the prime factors of 4313.
19, 227
List the prime factors of 3729.
3, 11, 113
List the prime factors of 1124.
2, 281
List the prime factors of 2945.
5, 19, 31
List the prime factors of 86119.
11, 7829
What are the prime factors of 4698?
2, 3, 29
What are the prime factors of 19054?
2, 7, 1361
What are the prime factors of 4582?
2, 29, 79
What are the prime factors of 1259?
1259
List the prime factors of 20115.
3, 5, 149
List the prime factors of 25212.
2, 3, 11, 191
List the prime factors of 111075.
3, 5, 1481
List the prime factors of 4538.
2, 2269
List the prime factors of 6113.
6113
What are the prime factors of 7129?
7129
List the prime factors of 29292.
2, 3, 2441
List the prime factors of 447.
3, 149
List the prime factors of 1378.
2, 13, 53
What are the prime factors of 10791?
3, 11, 109
What are the prime factors of 4754?
2, 2377
What are the prime factors of 13413?
3, 17, 263
What are the prime factors of 2608?
2, 163
What are the prime factors of 1356?
2, 3, 113
List the prime factors of 204370.
2, 5, 107, 191
What are the prime factors of 1132?
2, 283
List the prime factors of 77820.
2, 3, 5, 1297
List the prime factors of 2650.
2, 5, 53
List the prime factors of 6883.
6883
What are the prime factors of 802?
2, 401
What are the prime factors of 15086?
2, 19, 397
What are the prime factors of 1233?
3, 137
What are the prime factors of 3516?
2, 3, 293
List the prime factors of 97085.
5, 19417
What are the prime factors of 4459?
7, 13
List the prime factors of 32725.
5, 7, 11, 17
What are the prime factors of 25604?
2, 37, 173
What are the prime factors of 52591?
7, 11, 683
List the prime factors of 46432.
2, 1451
What are the prime factors of 13788?
2, 3, 383
What are the prime factors of 25083?
3, 929
What are the prime factors of 65886?
2, 3, 79, 139
List the prime factors of 37660.
2, 5, 7, 269
List the prime factors of 13862.
2, 29, 239
List the prime factors of 60818.
2, 47, 647
List the prime factors of 25026.
2, 3, 43, 97
List the prime factors of 19971.
3, 7, 317
What are the prime factors of 62102?
2, 31051
List the prime factors of 3276.
2, 3, 7, 13
What are the prime factors of 130049?
47, 2767
List the prime factors of 18583.
18583
List the prime factors of 14496.
2, 3, 151
What are the prime factors of 467?
467
List the prime factors of 1479.
3, 17, 29
What are the prime factors of 5567?
19, 293
List the prime factors of 5007.
3, 1669
What are the prime factors of 1415?
5, 283
List the prime factors of 3595.
5, 719
What are the prime factors of 143?
11, 13
List the prime factors of 6984.
2, 3, 97
List the prime factors of 1162.
2, 7, 83
What are the prime factors of 11595?
3, 5, 773
What are the prime factors of 11990?
2, 5, 11, 109
What are the prime factors of 5835?
3, 5, 389
What are the prime factors of 6204?
2, 3, 11, 47
List the prime factors of 41286.
2, 3, 7, 983
What are the prime factors of 3288?
2, 3, 137
List the prime factors of 1555.
5, 311
What are the prime factors of 1273?
19, 67
List the prime factors of 4870.
2, 5, 487
List the prime factors of 265.
5, 53
List the prime factors of 146579.
23, 6373
What are the prime factors of 5926?
2, 2963
What are the prime factors of 124402?
2, 62201
List the prime factors of 145.
5, 29
List the prime factors of 46961.
151, 311
List the prime factors of 13860.
2, 3, 5, 7, 11
What are the prime factors of 1980?
2, 3, 5, 11
List the prime factors of 33476.
2, 8369
List the prime factors of 22850.
2, 5, 457
What are the prime factors of 44205?
3, 5, 7, 421
What are the prime factors of 931?
7, 19
What are the prime factors of 72086?
2, 7, 19, 271
List the prime factors of 7613.
23, 331
What are the prime factors of 1076?
2, 269
What are the prime factors of 18360?
2, 3, 5, 17
List the prime factors of 213.
3, 71
What are the prime factors of 17289?
3, 17, 113
What are the prime factors of 29181?
3, 71, 137
What are the prime factors of 1679?
23, 73
What are the prime factors of 67?
67
List the prime factors of 1734.
2, 3, 17
List the prime factors of 3815.
5, 7, 109
What are the prime factors of 545?
5, 109
What are the prime factors of 218?
2, 109
What are the prime factors of 712?
2, 89
List the prime factors of 1423.
1423
List the prime factors of 1753.
1753
What are the prime factors of 118?
2, 59
What are the prime factors of 74440?
2, 5, 1861
List the prime factors of 31028.
2, 7757
List the prime factors of 5981.
5981
List the prime factors of 554.
2, 277
What are the prime factors of 1839?
3, 613
List the prime factors of 4465.
5, 19, 47
What are the prime factors of 6511?
17, 383
What are the prime factors of 3686?
2, 19, 97
List the prime factors of 17203.
17203
What are the prime factors of 14185?
5, 2837
What are the prime factors of 3835?
5, 1